147/15.
2, 5
Let o = 8 - 8. Let a be o + 2 + (-1 - 25). List the prime factors of (1/(-2))/(1/a).
2, 3
Suppose -16 = -3*y + 35. What are the prime factors of y?
17
Let s(i) = -i**3 - 5*i**2 - 7*i - 6. Suppose -4*m + 5 = -5*t, 0 = 5*m - 4*t - t. Let o(z) = z**2 + 6*z + 1. Let h be o(m). List the prime factors of s(h).
2, 3
Let a(g) = -g**2 - 8*g + 11. Let q be a(-8). Suppose q + 4 = 3*p + l, -5*p + 25 = -l. What are the prime factors of p?
5
Suppose -4*l = -0*l - 4*g - 12, -5*l - 2*g + 8 = 0. Suppose 4*t = -4*p + 48, -p = -0*t - l*t - 9. What are the prime factors of p?
11
Suppose m - 8 = -n, -5*m = n - 0*n - 24. What are the prime factors of m*-11*1/(-4)?
11
Let g be 3/(-2)*(-12)/9. Suppose -16 - 4 = -g*s. List the prime factors of s.
2, 5
Let a be 11 + 3/((-3)/(-2)). Let p = 19 + a. List the prime factors of p.
2
Let s(a) be the first derivative of -a**3/3 - 13*a**2/2 - 13*a - 2. What are the prime factors of s(-10)?
17
Suppose 0 = 3*h - 15, -3*k + 0*k = -5*h + 1. What are the prime factors of k?
2
Let u(t) = 35*t**2 - 2*t. Let n be u(-3). List the prime factors of n/9 + 12/(-18).
5, 7
Suppose -5*t + 1050 = -6*o + 2*o, 4*o - 20 = 0. What are the prime factors of t?
2, 107
Let o(u) = -5*u - 42. What are the prime factors of o(-23)?
73
Let h be 13 + 1 + -1 + 1. Let g = 19 + h. Suppose 4*f - 48 = -4*p - 0*f, f = 4*p - g. List the prime factors of p.
3
Let w be 14/3 + 3/9. Suppose 5*r - 15 = 0, -r + 0*r = -w*k + 127. What are the prime factors of k?
2, 13
Suppose -19 = -3*d + 65. List the prime factors of d.
2, 7
Let z(l) = 3*l**2 + 4*l - 23. List the prime factors of z(-7).
2, 3
Suppose -6 = 5*r - 2*j - 14, -3*j = 5*r + 12. Suppose -4*z = -r*z - 16, z = -5*d + 19. List the prime factors of d.
3
Suppose 2*q - 13 = -5. Let o = -8 + 8. Suppose o*p - 3*p = 3*i - 30, -4*i = -q*p + 48. List the prime factors of p.
11
Let b(n) = 11*n + 25. List the prime factors of b(6).
7, 13
What are the prime factors of ((-28)/(-8)*2)/1?
7
Let o(k) = -k**3 - 3*k**2 + 2. Let w = -8 - -5. Let l be o(w). Let n = l - -5. List the prime factors of n.
7
Let v = 5 + -5. Suppose -o = -v*o - 5*g - 17, -3*o = -4*g - 29. List the prime factors of o.
7
Let m(k) = -41*k**3 + 17*k**2 + 11. Let y(n) = 20*n**3 - 8*n**2 - 5. Let s(q) = 6*m(q) + 13*y(q). What are the prime factors of s(1)?
13
Let d(h) = 0*h + 10*h + 12*h + 1 - 7*h. List the prime factors of d(1).
2
Let h = 3 + -11. Let l = h + 13. What are the prime factors of l?
5
Suppose -7*i + 3*i = -12. Let o(q) = 3 - 5 + i*q + 5. What are the prime factors of o(3)?
2, 3
Let w be -1 + 2 + -2 + 1. Suppose -2*q + 12 = -2*i - 0*q, w = i - 3*q + 16. What are the prime factors of 5*i*1/(-1)?
5
Let b be (24/18)/((-1)/(-3)). Suppose -24 = d - b*d. What are the prime factors of d?
2
List the prime factors of (-21)/(-6)*12/21.
2
Let p(c) = 11*c. Let m = 0 + 4. Let a be p(m). Suppose -3*i = 5*z - 55, 4*z + 3*i - i - a = 0. What are the prime factors of z?
11
Let h(k) be the third derivative of -k**4/24 + 3*k**3/2 - 2*k**2. Let s be h(6). Suppose -26 = -s*a - 0*u + u, 4*u = -8. What are the prime factors of a?
2
Let k = 547 - 344. List the prime factors of k.
7, 29
Let j = 7 - 3. Suppose 2*c = o + 70, -c = j*c + o - 175. What are the prime factors of c?
5, 7
Let l = 34 - -64. What are the prime factors of l?
2, 7
Let g(x) = -4*x + 2. Let z be g(-5). Suppose 0*q + 2*q = z. List the prime factors of q.
11
Let p be 2/(-6) + (-20)/(-15). Let s = 1 + p. What are the prime factors of s?
2
Suppose 3*q - 86 = 28. List the prime factors of q.
2, 19
Let h = -20 + 14. Let c = h + 14. What are the prime factors of c?
2
Let k = 6 - 6. Suppose 17 = 2*s + 5*r - k, 3*r - 3 = 0. List the prime factors of s.
2, 3
What are the prime factors of (-32656)/(-130) - 2/10?
251
Let o(d) = d**3 - 7*d**2 + 7*d + 4. Let w be o(6). Suppose -n + 23 = -w. List the prime factors of n.
3, 11
Let x(j) = j**2 + 3. Let u be x(0). Let k be (0/u - -1)*0. Suppose k = -3*t - 0*t - 3*g, t - 9 = 2*g. What are the prime factors of t?
3
Let j(k) = -k**2 + 2*k + 4. Let m be j(3). Let z(i) = 7*i**2 - 1. List the prime factors of z(m).
2, 3
Suppose 2*o = 3*f + 18, 4*o = 5*f - 3*f + 20. Let w(l) = 2 - 2 + 2*l - 1 + o. What are the prime factors of w(2)?
2, 3
Let c be -10 - 3/3 - -3. Suppose -6 = v - 5*m, -4*m - 24 = v - 0*m. Let l = c - v. List the prime factors of l.
2
Let n be -1*(-1)/(3/15). Suppose 5*u = -5*r + 45, -3*r = n*u + r - 50. List the prime factors of 6/21 - (-66)/u.
5
Let a = 230 + -160. Let t = a - 49. What are the prime factors of t?
3, 7
List the prime factors of 10/8 - 4466/(-56).
3
Let a be ((-6)/9)/((-2)/39). Let r = 15 - a. List the prime factors of r.
2
Let c(f) be the third derivative of -f**5/60 - 5*f**4/12 - 7*f**3/6 + 11*f**2. Suppose r + 2 = -6. List the prime factors of c(r).
3
Let o = 18 - 11. What are the prime factors of o?
7
Suppose 12*j + 5*j = 4828. List the prime factors of j.
2, 71
Let w(t) = t**2 + 7*t + 9. Let y be w(-6). Suppose 2*c = -y*c + 25. Suppose -2*s - 2 = -3*b - 8, -5*s - c*b + 65 = 0. List the prime factors of s.
3
Suppose 8*q - 3*q = 15. Suppose q*b - 2 = 3*y + 4, -y - 17 = -4*b. Let k(p) = 3*p - 7. What are the prime factors of k(b)?
2
Let g = -2 - -6. Suppose -2*f = 10, -2*z + 6 = -g*z - 2*f. Suppose 0 = 5*m - z*k - 30, m - k - 9 = -0*m. List the prime factors of m.
2
Suppose 2*b = 8, -5*r + 4*b + 220 = -b. What are the prime factors of r?
2, 3
Suppose 10 = 3*o - 5. Let t = 12 - o. What are the prime factors of t?
7
Suppose s - 5*z = 2, 3*s - 5*z + 10 = -2*s. Let h(k) = -3*k**2 + 0*k**2 - 1 + 3*k - k**3 - 2*k - 5*k. List the prime factors of h(s).
11
Let f(a) = -a**2 + 4. List the prime factors of f(0).
2
Suppose -2*y + 362 = y - p, y - 126 = -p. List the prime factors of y.
2, 61
Let l = -115 + 82. Let v be l/(2/(-1) - -1). Suppose -o = 5*j - 15, -4*o - v = -2*j + o. What are the prime factors of j?
2
Let t(d) = 7*d + 1. Let j be t(2). Suppose h - j = 1. List the prime factors of h.
2
Let s(w) = w**2 + w + 12. Let r be s(0). Suppose r = -3*j + 60. List the prime factors of j.
2
Let m(v) be the first derivative of 9/2*v**2 - 1/3*v**3 - 7*v - 2. What are the prime factors of m(7)?
7
Suppose 0 = 43*d - 46*d + 93. List the prime factors of d.
31
Suppose -2*v = -39 - 261. What are the prime factors of v?
2, 3, 5
Let j(u) = u**3 + 9*u**2 - 3*u - 8. Let b be j(-9). Suppose -29 - b = 3*g. List the prime factors of g/(-10)*(-15)/(-2).
2, 3
Let h(m) = -2*m**2 - 6*m + 23. Let y(a) = -a**2 - 3*a + 12. Let k(n) = -3*h(n) + 5*y(n). List the prime factors of k(-7).
19
Suppose 0 = 2*a + 3*u - 7*u - 36, -3*u = a - 8. Let n = a + -6. Let k = -4 + n. What are the prime factors of k?
2
What are the prime factors of (-12)/(-2*6/8)?
2
Suppose 7*y = 2*y - 15. Let l be (-9)/(-2)*(-2)/y. List the prime factors of 6/9 + 10/l.
2
Suppose 4*s - 595 = 101. List the prime factors of s.
2, 3, 29
Let y be (-4)/14 + 132/21. Suppose -2*g = -y*g + 172. Let b = g - 30. What are the prime factors of b?
13
Let a(n) = n**2 - 3*n. List the prime factors of a(6).
2, 3
Suppose 2*r = -3*l + 56, -r + 5*l + 7 + 47 = 0. List the prime factors of r.
2, 17
Suppose -b + 4*b = 15. List the prime factors of (2 + -1)/(1/b).
5
Let a(d) = d**2 - 9*d + 2. Let h be a(9). List the prime factors of 3/(-6)*h - -28.
3
Suppose -11*s + 475 = -9*s + c, -4*s + 985 = -5*c. What are the prime factors of s?
2, 3, 5
Suppose -3*y + 92 = 2*o, y + 0*y = o + 34. What are the prime factors of y?
2
Let z = -9 + 13. Suppose -m = 5*x - x - 35, -4*m = z. List the prime factors of x.
3
Let r = 20 + -8. Let k(s) = s**2 - 8*s - 12. List the prime factors of k(r).
2, 3
Let d(g) = g**2 + g + 6. Let k be d(0). Suppose 4*v = 2*z + 200, -k*z = -2*z. What are the prime factors of v?
2, 5
Let o(k) = -144*k**3 - 2*k**2 + k + 2. List the prime factors of o(-1).
11, 13
Let q(a) = a**2 - 11*a + 14. Let g be q(10). Suppose -5*n + n - 3*x = -37, 0 = -4*n - g*x + 40. List the prime factors of n.
7
Let d = -124 - -218. What are the prime factors of d?
2, 47
Let l = 125 + -27. What are the prime factors of l?
2, 7
Let d(h) = 12*h. Let m(f) = f**2 + f + 1. Let q(i) = i**3 + 4*i**2 + 3*i - 1. Let a be q(-3). Let p be m(a). What are the prime factors of d(p)?
2, 3
Suppose -5*i - 13 = 42. Let b = -9 - i. List the prime factors of